{"id":1721,"date":"2015-10-29T17:36:30","date_gmt":"2015-10-29T14:36:30","guid":{"rendered":"http:\/\/blog.balkaninvest.eu\/wp-content\/uploads\/2015\/10\/Infografik-Fl\u00fcchtlinge-2015.png"},"modified":"2015-10-29T17:37:23","modified_gmt":"2015-10-29T14:37:23","slug":"infografik-fluechtlinge-2015","status":"inherit","type":"attachment","link":"https:\/\/blog.balkaninvest.eu\/de\/infografik-die-fluechtlingskrise-2015-und-deutschland\/infografik-fluechtlinge-2015\/","title":{"rendered":"Infografik Fl\u00fcchtlinge 2015"},"author":1,"featured_media":0,"comment_status":"open","ping_status":"closed","template":"","meta":{"_et_pb_use_builder":"","_et_pb_old_content":"","_et_gb_content_width":""},"class_list":["post-1721","attachment","type-attachment","status-inherit","hentry"],"yoast_head":"<!-- This site is optimized with the Yoast SEO plugin v27.5 - https:\/\/yoast.com\/product\/yoast-seo-wordpress\/ -->\n<title>Infografik Fl\u00fcchtlinge 2015 -<\/title>\n<meta name=\"robots\" content=\"index, follow, max-snippet:-1, max-image-preview:large, max-video-preview:-1\" \/>\n<link rel=\"canonical\" href=\"https:\/\/blog.balkaninvest.eu\/wp-content\/uploads\/2015\/10\/Infografik-Fl\u00fcchtlinge-2015.png\" \/>\n<meta property=\"og:locale\" content=\"de_DE\" \/>\n<meta property=\"og:type\" content=\"article\" \/>\n<meta property=\"og:title\" content=\"Infografik Fl\u00fcchtlinge 2015 -\" \/>\n<meta property=\"og:description\" content=\"Infografik zur Fl\u00fcchtlingskrise in Deutschland 2015\" \/>\n<meta property=\"og:url\" content=\"https:\/\/blog.balkaninvest.eu\/wp-content\/uploads\/2015\/10\/Infografik-Fl\u00fcchtlinge-2015.png\" \/>\n<meta property=\"article:modified_time\" content=\"2015-10-29T14:37:23+00:00\" \/>\n<meta property=\"og:image\" content=\"https:\/\/blog.balkaninvest.eu\/wp-content\/uploads\/2015\/10\/Infografik-Fl\u00fcchtlinge-2015.png\" \/>\n\t<meta property=\"og:image:width\" content=\"798\" \/>\n\t<meta property=\"og:image:height\" content=\"6459\" \/>\n\t<meta property=\"og:image:type\" content=\"image\/png\" \/>\n<script type=\"application\/ld+json\" class=\"yoast-schema-graph\">{\"@context\":\"https:\\\/\\\/schema.org\",\"@graph\":[{\"@type\":\"WebPage\",\"@id\":\"https:\\\/\\\/blog.balkaninvest.eu\\\/wp-content\\\/uploads\\\/2015\\\/10\\\/Infografik-Fl\u00fcchtlinge-2015.png\",\"url\":\"https:\\\/\\\/blog.balkaninvest.eu\\\/wp-content\\\/uploads\\\/2015\\\/10\\\/Infografik-Fl\u00fcchtlinge-2015.png\",\"name\":\"Infografik Fl\u00fcchtlinge 2015 -\",\"isPartOf\":{\"@id\":\"https:\\\/\\\/blog.balkaninvest.eu\\\/#website\"},\"datePublished\":\"2015-10-29T14:36:30+00:00\",\"dateModified\":\"2015-10-29T14:37:23+00:00\",\"breadcrumb\":{\"@id\":\"https:\\\/\\\/blog.balkaninvest.eu\\\/wp-content\\\/uploads\\\/2015\\\/10\\\/Infografik-Fl\u00fcchtlinge-2015.png#breadcrumb\"},\"inLanguage\":\"de\",\"potentialAction\":[{\"@type\":\"ReadAction\",\"target\":[\"https:\\\/\\\/blog.balkaninvest.eu\\\/wp-content\\\/uploads\\\/2015\\\/10\\\/Infografik-Fl\u00fcchtlinge-2015.png\"]}]},{\"@type\":\"BreadcrumbList\",\"@id\":\"https:\\\/\\\/blog.balkaninvest.eu\\\/wp-content\\\/uploads\\\/2015\\\/10\\\/Infografik-Fl\u00fcchtlinge-2015.png#breadcrumb\",\"itemListElement\":[{\"@type\":\"ListItem\",\"position\":1,\"name\":\"Home\",\"item\":\"https:\\\/\\\/blog.balkaninvest.eu\\\/de\\\/startseite\\\/\"},{\"@type\":\"ListItem\",\"position\":2,\"name\":\"Infografik: Die Fl\u00fcchtlingskrise 2015 und Deutschland\",\"item\":\"https:\\\/\\\/blog.balkaninvest.eu\\\/de\\\/infografik-die-fluechtlingskrise-2015-und-deutschland\\\/\"},{\"@type\":\"ListItem\",\"position\":3,\"name\":\"Infografik Fl\u00fcchtlinge 2015\"}]},{\"@type\":\"WebSite\",\"@id\":\"https:\\\/\\\/blog.balkaninvest.eu\\\/#website\",\"url\":\"https:\\\/\\\/blog.balkaninvest.eu\\\/\",\"name\":\"\u041d\u0430\u0431\u0438\u0440\u0430\u043d\u0435 \u043d\u0430 \u043f\u0435\u0440\u0441\u043e\u043d\u0430\u043b \u0432 \u0411\u044a\u043b\u0433\u0430\u0440\u0438\u044f - \u0411\u043b\u043e\u0433 \u0437\u0430 \u0442\u0435\u043d\u0434\u0435\u043d\u0446\u0438\u0438\u0442\u0435 \u0432 HR \u0438 \u043c\u0430\u0440\u043a\u0435\u0442\u0438\u043d\u0433\u0430 \u043d\u0430 \u043f\u0435\u0440\u0441\u043e\u043d\u0430\u043b\u0430\",\"description\":\"\",\"publisher\":{\"@id\":\"https:\\\/\\\/blog.balkaninvest.eu\\\/#organization\"},\"potentialAction\":[{\"@type\":\"SearchAction\",\"target\":{\"@type\":\"EntryPoint\",\"urlTemplate\":\"https:\\\/\\\/blog.balkaninvest.eu\\\/?s={search_term_string}\"},\"query-input\":{\"@type\":\"PropertyValueSpecification\",\"valueRequired\":true,\"valueName\":\"search_term_string\"}}],\"inLanguage\":\"de\"},{\"@type\":\"Organization\",\"@id\":\"https:\\\/\\\/blog.balkaninvest.eu\\\/#organization\",\"name\":\"Balkaninvest.eu EOOD\",\"url\":\"https:\\\/\\\/blog.balkaninvest.eu\\\/\",\"logo\":{\"@type\":\"ImageObject\",\"inLanguage\":\"de\",\"@id\":\"https:\\\/\\\/blog.balkaninvest.eu\\\/#\\\/schema\\\/logo\\\/image\\\/\",\"url\":\"https:\\\/\\\/blog.balkaninvest.eu\\\/wp-content\\\/uploads\\\/2025\\\/06\\\/Logo-Blog-Balkaninvest-B-200px.webp\",\"contentUrl\":\"https:\\\/\\\/blog.balkaninvest.eu\\\/wp-content\\\/uploads\\\/2025\\\/06\\\/Logo-Blog-Balkaninvest-B-200px.webp\",\"width\":200,\"height\":96,\"caption\":\"Balkaninvest.eu EOOD\"},\"image\":{\"@id\":\"https:\\\/\\\/blog.balkaninvest.eu\\\/#\\\/schema\\\/logo\\\/image\\\/\"}}]}<\/script>\n<!-- \/ Yoast SEO plugin. -->","yoast_head_json":{"title":"Infografik Fl\u00fcchtlinge 2015 -","robots":{"index":"index","follow":"follow","max-snippet":"max-snippet:-1","max-image-preview":"max-image-preview:large","max-video-preview":"max-video-preview:-1"},"canonical":"https:\/\/blog.balkaninvest.eu\/wp-content\/uploads\/2015\/10\/Infografik-Fl\u00fcchtlinge-2015.png","og_locale":"de_DE","og_type":"article","og_title":"Infografik Fl\u00fcchtlinge 2015 -","og_description":"Infografik zur Fl\u00fcchtlingskrise in Deutschland 2015","og_url":"https:\/\/blog.balkaninvest.eu\/wp-content\/uploads\/2015\/10\/Infografik-Fl\u00fcchtlinge-2015.png","article_modified_time":"2015-10-29T14:37:23+00:00","og_image":[{"width":798,"height":6459,"url":"https:\/\/blog.balkaninvest.eu\/wp-content\/uploads\/2015\/10\/Infografik-Fl\u00fcchtlinge-2015.png","type":"image\/png"}],"schema":{"@context":"https:\/\/schema.org","@graph":[{"@type":"WebPage","@id":"https:\/\/blog.balkaninvest.eu\/wp-content\/uploads\/2015\/10\/Infografik-Fl\u00fcchtlinge-2015.png","url":"https:\/\/blog.balkaninvest.eu\/wp-content\/uploads\/2015\/10\/Infografik-Fl\u00fcchtlinge-2015.png","name":"Infografik Fl\u00fcchtlinge 2015 -","isPartOf":{"@id":"https:\/\/blog.balkaninvest.eu\/#website"},"datePublished":"2015-10-29T14:36:30+00:00","dateModified":"2015-10-29T14:37:23+00:00","breadcrumb":{"@id":"https:\/\/blog.balkaninvest.eu\/wp-content\/uploads\/2015\/10\/Infografik-Fl\u00fcchtlinge-2015.png#breadcrumb"},"inLanguage":"de","potentialAction":[{"@type":"ReadAction","target":["https:\/\/blog.balkaninvest.eu\/wp-content\/uploads\/2015\/10\/Infografik-Fl\u00fcchtlinge-2015.png"]}]},{"@type":"BreadcrumbList","@id":"https:\/\/blog.balkaninvest.eu\/wp-content\/uploads\/2015\/10\/Infografik-Fl\u00fcchtlinge-2015.png#breadcrumb","itemListElement":[{"@type":"ListItem","position":1,"name":"Home","item":"https:\/\/blog.balkaninvest.eu\/de\/startseite\/"},{"@type":"ListItem","position":2,"name":"Infografik: Die Fl\u00fcchtlingskrise 2015 und Deutschland","item":"https:\/\/blog.balkaninvest.eu\/de\/infografik-die-fluechtlingskrise-2015-und-deutschland\/"},{"@type":"ListItem","position":3,"name":"Infografik Fl\u00fcchtlinge 2015"}]},{"@type":"WebSite","@id":"https:\/\/blog.balkaninvest.eu\/#website","url":"https:\/\/blog.balkaninvest.eu\/","name":"\u041d\u0430\u0431\u0438\u0440\u0430\u043d\u0435 \u043d\u0430 \u043f\u0435\u0440\u0441\u043e\u043d\u0430\u043b \u0432 \u0411\u044a\u043b\u0433\u0430\u0440\u0438\u044f - \u0411\u043b\u043e\u0433 \u0437\u0430 \u0442\u0435\u043d\u0434\u0435\u043d\u0446\u0438\u0438\u0442\u0435 \u0432 HR \u0438 \u043c\u0430\u0440\u043a\u0435\u0442\u0438\u043d\u0433\u0430 \u043d\u0430 \u043f\u0435\u0440\u0441\u043e\u043d\u0430\u043b\u0430","description":"","publisher":{"@id":"https:\/\/blog.balkaninvest.eu\/#organization"},"potentialAction":[{"@type":"SearchAction","target":{"@type":"EntryPoint","urlTemplate":"https:\/\/blog.balkaninvest.eu\/?s={search_term_string}"},"query-input":{"@type":"PropertyValueSpecification","valueRequired":true,"valueName":"search_term_string"}}],"inLanguage":"de"},{"@type":"Organization","@id":"https:\/\/blog.balkaninvest.eu\/#organization","name":"Balkaninvest.eu EOOD","url":"https:\/\/blog.balkaninvest.eu\/","logo":{"@type":"ImageObject","inLanguage":"de","@id":"https:\/\/blog.balkaninvest.eu\/#\/schema\/logo\/image\/","url":"https:\/\/blog.balkaninvest.eu\/wp-content\/uploads\/2025\/06\/Logo-Blog-Balkaninvest-B-200px.webp","contentUrl":"https:\/\/blog.balkaninvest.eu\/wp-content\/uploads\/2025\/06\/Logo-Blog-Balkaninvest-B-200px.webp","width":200,"height":96,"caption":"Balkaninvest.eu EOOD"},"image":{"@id":"https:\/\/blog.balkaninvest.eu\/#\/schema\/logo\/image\/"}}]}},"description":{"rendered":"<p class=\"attachment\"><a href='https:\/\/blog.balkaninvest.eu\/wp-content\/uploads\/2015\/10\/Infografik-Fl\u00fcchtlinge-2015.png'><img loading=\"lazy\" decoding=\"async\" width=\"37\" height=\"300\" src=\"https:\/\/blog.balkaninvest.eu\/wp-content\/uploads\/2015\/10\/Infografik-Fl\u00fcchtlinge-2015-37x300.png\" class=\"attachment-medium size-medium\" alt=\"Infografik zur Fl\u00fcchtlingskrise in Deutschland 2015\" srcset=\"https:\/\/blog.balkaninvest.eu\/wp-content\/uploads\/2015\/10\/Infografik-Fl\u00fcchtlinge-2015-37x300.png 37w, https:\/\/blog.balkaninvest.eu\/wp-content\/uploads\/2015\/10\/Infografik-Fl\u00fcchtlinge-2015.png 798w\" sizes=\"(max-width: 37px) 100vw, 37px\" \/><\/a><\/p>\n<p>Infografik zur Fl\u00fcchtlingskrise in Deutschland 2015<\/p>\n"},"caption":{"rendered":"<p>Infografik zur Fl\u00fcchtlingskrise in Deutschland 2015<\/p>\n"},"alt_text":"Infografik zur Fl\u00fcchtlingskrise in Deutschland 2015","media_type":"image","mime_type":"image\/png","media_details":{"width":798,"height":6459,"file":"2015\/10\/Infografik-Fl\u00fcchtlinge-2015.png","sizes":{"thumbnail":{"file":"Infografik-Fl\u00fcchtlinge-2015-150x150.png","width":150,"height":150,"mime_type":"image\/png","source_url":"https:\/\/blog.balkaninvest.eu\/wp-content\/uploads\/2015\/10\/Infografik-Fl\u00fcchtlinge-2015-150x150.png"},"medium":{"file":"Infografik-Fl\u00fcchtlinge-2015-37x300.png","width":37,"height":300,"mime_type":"image\/png","source_url":"https:\/\/blog.balkaninvest.eu\/wp-content\/uploads\/2015\/10\/Infografik-Fl\u00fcchtlinge-2015-37x300.png"},"large":{"file":"Infografik-Fl\u00fcchtlinge-2015-127x1024.png","width":127,"height":1024,"mime_type":"image\/png","source_url":"https:\/\/blog.balkaninvest.eu\/wp-content\/uploads\/2015\/10\/Infografik-Fl\u00fcchtlinge-2015-127x1024.png"},"post-thumbnail":{"file":"Infografik-Fl\u00fcchtlinge-2015-672x372.png","width":672,"height":372,"mime_type":"image\/png","source_url":"https:\/\/blog.balkaninvest.eu\/wp-content\/uploads\/2015\/10\/Infografik-Fl\u00fcchtlinge-2015-672x372.png"},"twentyfourteen-full-width":{"file":"Infografik-Fl\u00fcchtlinge-2015-798x576.png","width":798,"height":576,"mime_type":"image\/png","source_url":"https:\/\/blog.balkaninvest.eu\/wp-content\/uploads\/2015\/10\/Infografik-Fl\u00fcchtlinge-2015-798x576.png"},"full":{"file":"Infografik-Fl\u00fcchtlinge-2015.png","width":798,"height":6459,"mime_type":"image\/png","source_url":"https:\/\/blog.balkaninvest.eu\/wp-content\/uploads\/2015\/10\/Infografik-Fl\u00fcchtlinge-2015.png"}},"image_meta":{"aperture":0,"credit":"","camera":"","caption":"","created_timestamp":0,"copyright":"","focal_length":0,"iso":0,"shutter_speed":0,"title":"","orientation":0}},"post":1720,"source_url":"https:\/\/blog.balkaninvest.eu\/wp-content\/uploads\/2015\/10\/Infografik-Fl\u00fcchtlinge-2015.png","_links":{"self":[{"href":"https:\/\/blog.balkaninvest.eu\/de\/wp-json\/wp\/v2\/media\/1721","targetHints":{"allow":["GET"]}}],"collection":[{"href":"https:\/\/blog.balkaninvest.eu\/de\/wp-json\/wp\/v2\/media"}],"about":[{"href":"https:\/\/blog.balkaninvest.eu\/de\/wp-json\/wp\/v2\/types\/attachment"}],"author":[{"embeddable":true,"href":"https:\/\/blog.balkaninvest.eu\/de\/wp-json\/wp\/v2\/users\/1"}],"replies":[{"embeddable":true,"href":"https:\/\/blog.balkaninvest.eu\/de\/wp-json\/wp\/v2\/comments?post=1721"}],"wp:attached-to":[{"embeddable":true,"post_type":"post","id":1720,"href":"https:\/\/blog.balkaninvest.eu\/de\/wp-json\/wp\/v2\/posts\/1720"}],"curies":[{"name":"wp","href":"https:\/\/api.w.org\/{rel}","templated":true}]}}

http://blog.balkaninvest.eu/wp-content/uploads/2015/10/Infografik-Flüchtlinge-2015.png

Infografik Flüchtlinge 2015

<!-- This site is optimized with the Yoast SEO plugin v27.5 - https://yoast.com/product/yoast-seo-wordpress/ -->
<title>Infografik Flüchtlinge 2015 -</title>
<meta name="robots" content="index, follow, max-snippet:-1, max-image-preview:large, max-video-preview:-1" />
<link rel="canonical" href="https://blog.balkaninvest.eu/wp-content/uploads/2015/10/Infografik-Flüchtlinge-2015.png" />
<meta property="og:locale" content="de_DE" />
<meta property="og:type" content="article" />
<meta property="og:title" content="Infografik Flüchtlinge 2015 -" />
<meta property="og:description" content="Infografik zur Flüchtlingskrise in Deutschland 2015" />
<meta property="og:url" content="https://blog.balkaninvest.eu/wp-content/uploads/2015/10/Infografik-Flüchtlinge-2015.png" />
<meta property="article:modified_time" content="2015-10-29T14:37:23+00:00" />
<meta property="og:image" content="https://blog.balkaninvest.eu/wp-content/uploads/2015/10/Infografik-Flüchtlinge-2015.png" />
	<meta property="og:image:width" content="798" />
	<meta property="og:image:height" content="6459" />
	<meta property="og:image:type" content="image/png" />
<script type="application/ld+json" class="yoast-schema-graph">{"@context":"https:\/\/schema.org","@graph":[{"@type":"WebPage","@id":"https:\/\/blog.balkaninvest.eu\/wp-content\/uploads\/2015\/10\/Infografik-Flüchtlinge-2015.png","url":"https:\/\/blog.balkaninvest.eu\/wp-content\/uploads\/2015\/10\/Infografik-Flüchtlinge-2015.png","name":"Infografik Flüchtlinge 2015 -","isPartOf":{"@id":"https:\/\/blog.balkaninvest.eu\/#website"},"datePublished":"2015-10-29T14:36:30+00:00","dateModified":"2015-10-29T14:37:23+00:00","breadcrumb":{"@id":"https:\/\/blog.balkaninvest.eu\/wp-content\/uploads\/2015\/10\/Infografik-Flüchtlinge-2015.png#breadcrumb"},"inLanguage":"de","potentialAction":[{"@type":"ReadAction","target":["https:\/\/blog.balkaninvest.eu\/wp-content\/uploads\/2015\/10\/Infografik-Flüchtlinge-2015.png"]}]},{"@type":"BreadcrumbList","@id":"https:\/\/blog.balkaninvest.eu\/wp-content\/uploads\/2015\/10\/Infografik-Flüchtlinge-2015.png#breadcrumb","itemListElement":[{"@type":"ListItem","position":1,"name":"Home","item":"https:\/\/blog.balkaninvest.eu\/de\/startseite\/"},{"@type":"ListItem","position":2,"name":"Infografik: Die Flüchtlingskrise 2015 und Deutschland","item":"https:\/\/blog.balkaninvest.eu\/de\/infografik-die-fluechtlingskrise-2015-und-deutschland\/"},{"@type":"ListItem","position":3,"name":"Infografik Flüchtlinge 2015"}]},{"@type":"WebSite","@id":"https:\/\/blog.balkaninvest.eu\/#website","url":"https:\/\/blog.balkaninvest.eu\/","name":"Набиране на персонал в България - Блог за тенденциите в HR и маркетинга на персонала","description":"","publisher":{"@id":"https:\/\/blog.balkaninvest.eu\/#organization"},"potentialAction":[{"@type":"SearchAction","target":{"@type":"EntryPoint","urlTemplate":"https:\/\/blog.balkaninvest.eu\/?s={search_term_string}"},"query-input":{"@type":"PropertyValueSpecification","valueRequired":true,"valueName":"search_term_string"}}],"inLanguage":"de"},{"@type":"Organization","@id":"https:\/\/blog.balkaninvest.eu\/#organization","name":"Balkaninvest.eu EOOD","url":"https:\/\/blog.balkaninvest.eu\/","logo":{"@type":"ImageObject","inLanguage":"de","@id":"https:\/\/blog.balkaninvest.eu\/#\/schema\/logo\/image\/","url":"https:\/\/blog.balkaninvest.eu\/wp-content\/uploads\/2025\/06\/Logo-Blog-Balkaninvest-B-200px.webp","contentUrl":"https:\/\/blog.balkaninvest.eu\/wp-content\/uploads\/2025\/06\/Logo-Blog-Balkaninvest-B-200px.webp","width":200,"height":96,"caption":"Balkaninvest.eu EOOD"},"image":{"@id":"https:\/\/blog.balkaninvest.eu\/#\/schema\/logo\/image\/"}}]}</script>
<!-- / Yoast SEO plugin. -->

Infografik Flüchtlinge 2015 -

https://blog.balkaninvest.eu/wp-content/uploads/2015/10/Infografik-Flüchtlinge-2015.png

Infografik zur Flüchtlingskrise in Deutschland 2015

https://blog.balkaninvest.eu/wp-content/uploads/2015/10/Infografik-Flüchtlinge-2015.png#breadcrumb

Infografik: Die Flüchtlingskrise 2015 und Deutschland

Набиране на персонал в България - Блог за тенденциите в HR и маркетинга на персонала

<p class="attachment"><a href='https://blog.balkaninvest.eu/wp-content/uploads/2015/10/Infografik-Flüchtlinge-2015.png'><img loading="lazy" decoding="async" width="37" height="300" src="https://blog.balkaninvest.eu/wp-content/uploads/2015/10/Infografik-Flüchtlinge-2015-37x300.png" class="attachment-medium size-medium" alt="Infografik zur Flüchtlingskrise in Deutschland 2015" srcset="https://blog.balkaninvest.eu/wp-content/uploads/2015/10/Infografik-Flüchtlinge-2015-37x300.png 37w, https://blog.balkaninvest.eu/wp-content/uploads/2015/10/Infografik-Flüchtlinge-2015.png 798w" sizes="(max-width: 37px) 100vw, 37px" /></a></p>
<p>Infografik zur Flüchtlingskrise in Deutschland 2015</p>

<p>Infografik zur Flüchtlingskrise in Deutschland 2015</p>

2015/10/Infografik-Flüchtlinge-2015.png

Infografik-Flüchtlinge-2015-150x150.png

https://blog.balkaninvest.eu/wp-content/uploads/2015/10/Infografik-Flüchtlinge-2015-150x150.png

Infografik-Flüchtlinge-2015-37x300.png

https://blog.balkaninvest.eu/wp-content/uploads/2015/10/Infografik-Flüchtlinge-2015-37x300.png

Infografik-Flüchtlinge-2015-127x1024.png

https://blog.balkaninvest.eu/wp-content/uploads/2015/10/Infografik-Flüchtlinge-2015-127x1024.png

Infografik-Flüchtlinge-2015-672x372.png

https://blog.balkaninvest.eu/wp-content/uploads/2015/10/Infografik-Flüchtlinge-2015-672x372.png

Infografik-Flüchtlinge-2015-798x576.png

https://blog.balkaninvest.eu/wp-content/uploads/2015/10/Infografik-Flüchtlinge-2015-798x576.png

Infografik-Flüchtlinge-2015.png
